e factors of h/16 + (-74)/(-8).
3
What are the prime factors of 4/14 + (-24720)/(-112)?
13, 17
Suppose v - 2*x = 8, x + 2*x + 27 = 3*v. List the prime factors of v.
2, 5
Suppose -889 = -5*l + 3*p, -108 = 5*l - 2*p - 999. List the prime factors of l.
179
Let g = 6 - 3. Suppose 0*f - 5*f = -5*v, 4*v - g = 3*f. List the prime factors of f.
3
Suppose 2*c - 4*t = -3*t - 9, -c - 5*t = 21. Let i be (-200)/c - (-6)/9. Let q = i - 22. What are the prime factors of q?
2, 3
Suppose 0 = m - 1 - 1. List the prime factors of ((-2)/m)/1*-11.
11
Suppose -32 = -k + 3*x + 98, k - 5*x = 128. Suppose 2*d - n - k = -2*d, 4*d + 2*n - 130 = 0. List the prime factors of d.
3, 11
Suppose -3*p = -2*q + 5*q + 24, 5*p - 3*q + 16 = 0. Let x = 12 + p. List the prime factors of x.
7
List the prime factors of ((-21)/(-14))/((-3)/(-44)).
2, 11
Suppose 4*j - 60 = 72. List the prime factors of j.
3, 11
Let p(l) = -l**3 + l**2 - l - 1. Let u be p(2). Let h(y) = -y**2 - 6*y + 5. Let k be h(u). What are the prime factors of ((-1)/(-3))/(k/(-12))?
2
Let p = 2 + -7. Let l(v) = v**3 + 4*v**2 - 6*v + 6. What are the prime factors of l(p)?
11
Let q be (-40)/3 - (-2)/6. Let c = 7 + q. Let i = 18 + c. List the prime factors of i.
2, 3
Let g = 5 + -2. Suppose 74 - 23 = g*f. List the prime factors of f.
17
Suppose -3*h + 3*g = -3, -2*h + 4*g - 8 = -0*h. Let l(x) = x**3 - 4*x**2 - 6*x - 8. List the prime factors of l(h).
2, 7
Let x = -3 + 5. What are the prime factors of 4/2 + (11 - x)?
11
Let v(c) = c**3 + 17*c**2 + 8*c - 15. What are the prime factors of v(-16)?
113
Suppose -z - 12 = 3*z. Let r be 2/(-3) + (-50)/z. Suppose 0 = 4*x - 5*f + 12, 2*f - r = -4*x. List the prime factors of x.
2
Let d be ((-3)/2)/((-3)/36). What are the prime factors of (-2)/(-9) + 104/d?
2, 3
Let c(y) = 12*y - 66. List the prime factors of c(6).
2, 3
Suppose 5*d = 4 + 56. List the prime factors of (-38)/(-4) - 6/d.
3
Let n = -5 + 5. Suppose -6*j + 4*j = n. Suppose 0 = -z + 2*m + 6, j*z - 5*m - 33 = -4*z. List the prime factors of z.
2, 3
Let a(j) be the first derivative of j**4/4 + 5*j**3/3 + j**2 - 4*j - 2. Let g be a(-4). Suppose -g - 3 = -x. What are the prime factors of x?
7
Suppose 0*p + 2*g - 13 = p, g - 38 = 5*p. Let f(z) = z**3 + 6*z**2 - 6*z + 5. Let x be f(p). What are the prime factors of 125/7 + x/(-14)?
2, 3
Let f be (-2)/8 - (-1)/4. Suppose -4*r + 7*r - 60 = f. Suppose -8*h + r = -3*h - 2*g, -5*h + 20 = g. List the prime factors of h.
2
Let o(g) = g**2 - 8*g - 11. Let n be o(10). Let u(h) = -10*h - 1 + n + 6 - 5 + 2*h**2. What are the prime factors of u(6)?
3, 7
Suppose -5*r - 9 = -4*q, -4*r - 5 = -4*q - 3*r. Let x be 20/15*(q - -2). Suppose -x*w - 4 = -28. What are the prime factors of w?
2, 3
Suppose -4*t + 138 = -618. What are the prime factors of t?
3, 7
Let m = 9 - -1. Let h be (-19)/(-5) - (-2)/m. Suppose h*o - 5 = 35. What are the prime factors of o?
2, 5
Suppose -3*m = 4*h - 5*m - 204, -2*h + 94 = -3*m. What are the prime factors of h?
53
Suppose 2*m - 25 = -3. List the prime factors of m.
11
Suppose 0 = -7*b + 10*b - 144. List the prime factors of b.
2, 3
Let t(l) = l**3 - 6*l**2 - 7*l + 6. Let i be t(7). Suppose 20 = i*o - o. What are the prime factors of o?
2
Suppose 16 = 4*k, 4*c - 6*c - 2*k + 18 = 0. Suppose -46 = -3*q - c*x, 5*q = 3*x + 62 + 26. List the prime factors of q.
17
Let m(o) = o - 5. Let s be m(8). Suppose 11 = s*p - 4. Suppose r + 2*x = 3*r - 2, 19 = 3*r + p*x. What are the prime factors of r?
3
List the prime factors of -166*(-3)/6*1/1.
83
Suppose q + 16 = -3*f, 3*q = f + 14 - 2. Let t be (1 - f/(-2))*-7. Let v = 4 + t. What are the prime factors of v?
2, 3
Suppose z = -z. Suppose z = -5*f + 4*f + 4. Suppose f*b = -l + 3*l + 18, -2 = -2*l. What are the prime factors of b?
5
Suppose 2*a - 4 = -q - 1, 4*a - 3*q + 9 = 0. Suppose v + a*v - 17 = 0. Let o = v + 1. List the prime factors of o.
2, 3
List the prime factors of 3 - (1 + -33 + 3).
2
Suppose 6*c = 177 - 27. What are the prime factors of c?
5
Let q(t) = -9*t**3 + 3*t - 2*t - 2*t. Suppose 4*w + 6 - 2 = 0. List the prime factors of q(w).
2, 5
Suppose -6*i + 2*i = -36. What are the prime factors of i?
3
Let v(p) = p**3 - 5*p**2 - 6*p - 2. Let m be v(6). Let z(o) = -o**3 + o**2 + o - 1. What are the prime factors of z(m)?
3
Let a(u) = u**3 - 4*u**2 - 6*u - 3. What are the prime factors of a(6)?
3, 11
Let v(j) = -22*j - 1. List the prime factors of v(-1).
3, 7
List the prime factors of (-21)/(17/10 + -2 - 0).
2, 5, 7
Let f(a) = -5*a**2 - 3*a - 4. Let i(v) = -6*v**2 - 4*v - 5. Let s(q) = -4*f(q) + 3*i(q). What are the prime factors of s(1)?
3
Let b be -2 + 51/3 + 4. Let g = -17 + b. List the prime factors of g.
2
Suppose -8 = u - 3*u. What are the prime factors of u?
2
Let b = 1156 + -802. List the prime factors of b.
2, 3, 59
Suppose -f = -0*f - 3. What are the prime factors of 31/f - (-4)/6?
11
Let y = 0 + 4. Suppose -2*d = y*i - 80, -i + 5*d = -2*i + 29. Suppose -2*g - i = -3*g. List the prime factors of g.
19
Suppose -3*h + 2*z = 490, 5*z + 615 = -5*h + h. What are the prime factors of (h/(-6))/5*3?
2
Let v be ((-12)/10)/(6/(-20)). Let h(r) = r**2 - r + 2. What are the prime factors of h(v)?
2, 7
Let z(h) = h - 7. Let i be (1 - 1 - -3)/(-1). Let d be (1/i)/(8/(-216)). What are the prime factors of z(d)?
2
Let d(h) = -h**2 + 5*h + 20. Let o be d(7). Let j = o - -26. What are the prime factors of j?
2
Let t(w) = -4 + 2 + w - w**3 + 0*w. Let d be t(-2). Suppose d*k + 20 = 0, -5*b = 2*k - 6*k - 40. What are the prime factors of b?
2
Let f = 117 + 231. List the prime factors of f.
2, 3, 29
Let d(c) = c - 4. Let g be d(6). Suppose 2*q - 68 = -g*q. List the prime factors of q.
17
Let u(n) = -n**3 + 8*n**2 - 8*n + 7. Let b be u(7). Let z(d) = -d - 12. Let h be z(b). Let f = h - -22. What are the prime factors of f?
2, 5
Suppose -4*z - 4*c = -24, 13 = z + z + c. Let l = 9 + -13. Let g = z + l. What are the prime factors of g?
3
Suppose 5*t + 32 - 2 = 0. Let g(p) = 4 - 3 - p + 0*p. What are the prime factors of g(t)?
7
Let g(w) = w**2 - 8*w + 6. Let b be g(8). Suppose i - b*i = 200. Let a = 60 + i. What are the prime factors of a?
2, 5
Let v(g) = -g**2 + 9*g + 4. Let d be v(8). What are the prime factors of (-2)/12*-4*d?
2
Suppose -2*l + 4*l = 26. Let b(q) = 5*q**3 - q**2 - q + 1. Let h be b(1). Suppose 8 = -2*v - h*k + 30, k - l = -3*v. What are the prime factors of v?
3
Let s = -5 - -38. List the prime factors of s.
3, 11
Let o be (-1)/2*2 - -7. Suppose 0 = o*y - 5*y - 5. List the prime factors of y.
5
Let z(b) = b**3 + 10*b**2 - 12. What are the prime factors of z(-8)?
2, 29
Suppose -4*f = -24 - 32. Let u = -3 + f. List the prime factors of u.
11
Let m(t) be the third derivative of -t**6/120 - t**5/12 + 5*t**3/6 - 2*t**2. Let h be m(-4). Let l = -5 - h. What are the prime factors of l?
2, 3
Let b be (7/3)/((-2)/6). Let u = b - -11. Suppose -3*h - 3*k = -30, -43 = -u*h + 3*k - 10. What are the prime factors of h?
3
Let u(h) = -h**2 - 7*h + 8. Let o be u(-7). Suppose o*i = 5*i + 69. List the prime factors of i.
23
Let v = -6 - -5. What are the prime factors of 3/v + (2 - -19)?
2, 3
Suppose 0*s - 3*s = 114. Let u = s + 69. List the prime factors of u.
31
Let v be -2*(10/(-4) + 0). Suppose -b + 0*b + 2 = 0, -4*w + 34 = v*b. List the prime factors of w.
2, 3
Suppose 5*c - 8 = -13. What are the prime factors of 0 + -2 + c - -33?
2, 3, 5
Let b(c) = -c**2 + 5*c - 2. Suppose 2 = w - 0*w. Let y be b(w). Suppose y*i - 5 - 35 = 0. List the prime factors of i.
2, 5
Suppose 5*n = -5, 5*m - 190 = -0*m - 5*n. What are the prime factors of m?
3, 13
Suppose 4*q - 69 = 3*q. What are the prime factors of q?
3, 23
Let a = 7 + -5. Let k be (a/(-4))/(1/(-8)). List the prime factors of (1/(-2))/(k/(-16)).
2
Let r = -7 - -71. List the prime factors of r.
2
Let n(x) = x**3 - 3*x**2 - 4. Let z be n(4). Let f = -1 + 4. Suppose -2*w + 1 = -5*m, 0*w - z = -f*w + 4*m. List the prime factors of w.
2
What are the prime factors of ((-28)/(-28))/(2/130)?
5, 13
Let u(d) = -14*d + 14. Let p(j) = -7*j + 7. Let x(s) = 13*p(s) - 6*u(s). Let f be x(7). What are the prime factors of (-4)/(-6) + f/(-18)?
3
Let c be (-1)/(-2) - 2/4. Suppose c = -5*i - d - 0*d + 216, 5*d - 156 = -4*i. Suppose q - 2*f + 4*f = 14, 0 = 3*q + 4*f - i. What are the prime factors of q?
2
